 10 a factor of 770740?
True
Is 45 a factor of 324585?
True
Is 243939 a multiple of 43?
True
Does 112 divide 58464?
True
Is 68 a factor of 30755?
False
Does 156 divide 652690?
False
Does 169 divide 2244695?
False
Does 36 divide 387396?
True
Does 1006 divide 11320156?
False
Is 819 a factor of 3837834?
True
Is 14 a factor of 7369?
False
Does 107 divide 3603546?
True
Is 11 a factor of 2472692?
False
Is 261 a factor of 132621?
False
Is 15 a factor of 216645?
True
Does 194 divide 173630?
True
Does 479 divide 742450?
True
Is 18604848 a multiple of 16?
True
Does 480 divide 2647200?
True
Is 2721391 a multiple of 13?
False
Is 13 a factor of 4380961?
True
Does 31 divide 216826?
False
Is 18355680 a multiple of 1680?
True
Is 32383 a multiple of 44?
False
Is 1187542 a multiple of 631?
True
Does 313 divide 2206650?
True
Is 4493566 a multiple of 11?
True
Does 333 divide 14575410?
True
Is 75 a factor of 232796?
False
Is 280 a factor of 1352120?
True
Does 190 divide 2510334?
False
Does 424 divide 1030320?
True
Does 21 divide 14623827?
False
Is 18 a factor of 902738?
False
Is 27 a factor of 1629963?
True
Is 181285 a multiple of 752?
False
Is 67 a factor of 413573?
False
Is 165 a factor of 5080350?
True
Is 42 a factor of 108024?
True
Is 175130 a multiple of 10?
True
Does 41 divide 187452?
True
Does 52 divide 2647481?
False
Does 351 divide 404703?
True
Is 55 a factor of 2026420?
True
Is 6 a factor of 147558?
True
Is 4442361 a multiple of 231?
True
Is 135689 a multiple of 85?
False
Is 25 a factor of 191749?
False
Is 155977 a multiple of 44?
False
Does 36 divide 30384?
True
Is 152363 a multiple of 522?
False
Does 48 divide 13440?
True
Is 444648 a multiple of 764?
True
Is 20 a factor of 7001560?
True
Is 13716736 a multiple of 32?
True
Is 133 a factor of 421656?
False
Is 93 a factor of 444885?
False
Does 45 divide 2918880?
True
Is 5842920 a multiple of 120?
True
Is 720 a factor of 4917550?
False
Is 1298451 a multiple of 77?
True
Does 98 divide 7671342?
True
Does 18 divide 165528?
True
Is 4 a factor of 208812?
True
Does 191 divide 1366032?
True
Does 19 divide 69645?
False
Is 365199 a multiple of 447?
True
Does 21 divide 937137?
False
Does 90 divide 5084550?
True
Does 29 divide 7627?
True
Is 2701733 a multiple of 48?
False
Is 22 a factor of 1951092?
True
Is 48954 a multiple of 82?
True
Is 107080 a multiple of 20?
True
Is 16038 a multiple of 8?
False
Does 58 divide 672720?
False
Does 54 divide 1022334?
False
Is 246 a factor of 5848125?
False
Is 30 a factor of 89820?
True
Is 12 a factor of 2992452?
True
Is 731280 a multiple of 330?
True
Is 7 a factor of 64274?
True
Is 583 a factor of 3516073?
True
Is 13 a factor of 670715?
False
Does 100 divide 31764?
False
Is 285 a factor of 536989?
False
Is 11 a factor of 2048926?
True
Does 52 divide 143728?
True
Is 181 a factor of 5037051?
False
Does 2 divide 22?
True
Is 19 a factor of 11146749?
True
Is 30 a factor of 6111930?
True
Does 150 divide 193210?
False
Is 50 a factor of 2596700?
True
Is 700 a factor of 465121?
False
Does 64 divide 27776?
True
Is 487692 a multiple of 36?
True
Is 38 a factor of 2158096?
True
Is 3132199 a multiple of 63?
False
Is 17 a factor of 282999?
True
Is 7 a factor of 197960?
True
Is 1108042 a multiple of 13?
True
Is 133380 a multiple of 16?
False
Is 268889 a multiple of 109?
False
Does 44 divide 1676393?
False
Does 589 divide 79833?
False
Is 1534422 a multiple of 23?
True
Does 205 divide 1976227?
False
Does 46 divide 426374?
True
Does 17 divide 139553?
True
Is 293800 a multiple of 50?
True
Is 284160 a multiple of 370?
True
Is 2 a factor of 32716?
True
Is 44 a factor of 824780?
True
Is 3 a factor of 415?
False
Is 24 a factor of 4281672?
True
Does 30 divide 72552?
False
Does 531 divide 601092?
True
Does 25 divide 233262?
False
Does 262 divide 606322?
False
Does 588 divide 2294635?
False
Does 6 divide 4576637?
False
Is 571818 a multiple of 17?
False
Does 14 divide 1761452?
True
Is 3970308 a multiple of 1420?
False
Is 432 a factor of 132006?
False
Does 10 divide 10876?
False
Is 121771 a multiple of 13?
True
Is 146826 a multiple of 27?
True
Is 27 a factor of 24317643?
False
Is 78271 a multiple of 52?
False
Does 6 divide 751?
False
Does 112 divide 107520?
True
Does 450 divide 104854?
False
Is 16766 a multiple of 83?
True
Is 493222 a multiple of 11?
False
Does 10 divide 117740?
True
Is 28 a factor of 328700?
False
Does 31 divide 75485?
True
Is 3104986 a multiple of 14?
False
Does 9 divide 100109?
False
Is 30386972 a multiple of 154?
True
Is 19 a factor of 31122?
True
Does 154 divide 4109336?
True
Does 72 divide 96984?
True
Is 37 a factor of 39368?
True
Is 312 a factor of 157286?
False
Is 1525762 a multiple of 14?
True
Does 64 divide 35520?
True
Is 126085 a multiple of 254?
False
Does 15 divide 1397770?
False
Is 4711797 a multiple of 79?
True
Is 13 a factor of 5786846?
True
Is 1437852 a multiple of 52?
True
Is 13983 a multiple of 18?
False
Is 31607 a multiple of 25?
False
Is 21 a factor of 929598?
False
Is 235 a factor of 367070?
True
Does 31 divide 50457?
False
Does 11 divide 1282930?
True
Is 63 a factor of 7481439?
True
Is 31 a factor of 10310?
False
Is 1774120 a multiple of 704?
False
Does 86 divide 312782?
True
Does 19 divide 115843?
True
Does 32 divide 62944?
True
Does 8 divide 45160?
True
Does 843 divide 1501383?
True
Is 105774 a multiple of 32?
False
Is 79112 a multiple of 22?
True
Is 2 a factor of 941347?
False
Does 73 divide 619972?
False
Is 185152 a multiple of 9?
False
Is 15 a factor of 3666472?
False
Does 7 divide 743337?
True
Is 806624 a multiple of 430?
False
Is 19 a factor of 30177?
False
Is 33924 a multiple of 7?
False
Does 836 divide 20141718?
False
Does 15 divide 6604192?
False
Is 60384 a multiple of 6?
True
Is 156 a factor of 1983696?
True
Does 489 divide 562350?
True
Does 17 divide 515423?
True
Is 34 a factor of 195568?
True
Is 24156 a multiple of 61?
True
Does 166 divide 377674?
False
Is 305937 a multiple of 243?
True
Is 25 a factor of 60525?
True
Is 133 a factor of 2837548?
False
Does 69 divide 43498?
False
Is 15 a factor of 5707710?
True
Is 11946423 a multiple of 183?
True
Does 2 divide 46777?
False
Is 3174757 a multiple of 155?
False
Is 124952 a multiple of 28?
False
Is 17 a factor of 2473877?
False
Does 22 divide 489214?
True
Is 10 a factor of 55310?
True
Is 133 a factor of 733096?
True
Does 57 divide 237148?
False
Is 62 a factor of 323718?
False
Is 24 a factor of 88320?
True
Does 179 divide 5012?
True
Is 69 a factor of 2996049?
True
Is 26 a factor of 1305122?
True
Is 1161374 a multiple of 9?
False
Is 708060 a multiple of 4?
True
Does 98 divide 150070?
False
Is 6 a factor of 13338?
True
Is 15820 a multiple of 4?
True
Is 181133 a multiple of 135?
False
Is 5445526 a multiple of 284?
False
Does 1670 divide 22479870?
True
Is 802725 a multiple of 525?
True
Is 2188918 a multiple of 14?
False
Does 4 divide 1613648?
True
Does 682 divide 672452?
True
Is 4073974 a multiple of 48?
False
Is 18939125 a multiple of 49?
False
Does 494 divide 3098235?
False
Is 18237 even?
False
Does 28 divide 43120?
True
Is 4 a factor of 38192?
True
Does 215 divide 5616454?
False
Is 14431266 a multiple of 97?
False
Is 72420 a multiple of 204?
True
Does 481 divide 3770752?
False
Is 1384 a factor of 13607488?
True
Is 354586 a multiple of 139?
False
Does 17 divide 81375?
False
Does 102 divide 2636394?
True
Is 18598212 a multiple of 18?
True
Is 1682620 a multiple of 14?
False
Is 209800 a multiple of 100?
True
Is 19 a factor of 368467?
True
Is 300828 a multiple of 22?
True
Is 69 a factor of 419389?
False
Is 22230 a multiple of 57?
True
Is 121 a factor of 6777210?
True
Is 11 a factor of 465234?
True
Is 4 a factor of 2192809?
False
Does 27 divide 252938?
False
Is 99 a factor of 3604887?
True
Is 4 a factor of 522872?
True
Is 34630 a multiple of 45?
False
Does 1323 divide 1938613?
False
Does 123 divide 2321502?
True
Is 22 a factor of 548526?
True
Does 152 divide 705888?
True
Does 9 divide 732177?
True
Is 4 a factor of 24214?
False
Does 23 divide 331775?
True
Is 416908 a multiple of 6?
False
Is 400 a factor of 739200?
True
Is 23 a factor of 336145?
True
Does 223 divide 391142?
True
Does 123 divide 254200?
False
Does 25 divide 561700?
True
Does 5 divide 2715715?
True
Does 174 divide 110142?
True
Is 35020 a multiple of 17?
True